{"id":183,"date":"2025-07-07T19:20:06","date_gmt":"2025-07-07T18:20:06","guid":{"rendered":"https:\/\/www.unalomereikigarten.de\/?page_id=183"},"modified":"2026-04-12T18:24:05","modified_gmt":"2026-04-12T17:24:05","slug":"datenschutz","status":"publish","type":"page","link":"https:\/\/unalomereikigarten.de\/?page_id=183","title":{"rendered":"Datenschutzerkl\u00e4rung"},"content":{"rendered":"\n<p><\/p>\n\n\n\n<h2 class=\"wp-block-heading\">1. Verantwortliche Stelle<\/h2>\n\n\n\n<p>Zarko Bulatovi\u0107<br>Heynestra\u00dfe 42, 90443 N\u00fcrnberg, Deutschland<br>E-Mail: zarkobulatovic@web.de<\/p>\n\n\n\n<h2 class=\"wp-block-heading\">2. Hosting<\/h2>\n\n\n\n<p>Diese Website wird auf Servern des Hosting-Anbieters OVHcloud gehostet:<\/p>\n\n\n\n<p>OVH SAS<br>2 rue Kellermann<br>59100 Roubaix<br>Frankreich<\/p>\n\n\n\n<p>Beim Aufruf dieser Website werden durch den Hosting-Anbieter automatisch<br>technische Informationen in sogenannten Server-Logfiles gespeichert<br>(z. B. IP-Adresse, Datum und Uhrzeit des Zugriffs, Browsertyp, Betriebssystem<br>und aufgerufene Seite).<\/p>\n\n\n\n<p>Die Verarbeitung erfolgt auf Grundlage von Art. 6 Abs. 1 lit. f DSGVO<br>aufgrund unseres berechtigten Interesses an der sicheren, stabilen<br>und technisch fehlerfreien Bereitstellung der Website.<\/p>\n\n\n\n<p><\/p>\n\n\n\n<h2 class=\"wp-block-heading\">3. Speicherdauer<\/h2>\n\n\n\n<p>Server-Logfiles werden nur so lange gespeichert, wie dies zur Sicherstellung<br>des technischen Betriebs, zur Fehleranalyse und zur IT-Sicherheit erforderlich ist.<br>Die konkrete Speicherdauer richtet sich nach den technischen und organisatorischen<br>Erfordernissen des Hosting-Anbieters OVHcloud und betr\u00e4gt in der Regel nicht l\u00e4nger<br>als erforderlich.<\/p>\n\n\n\n<p>Sofern Sie uns per E-Mail kontaktieren, speichern wir Ihre Angaben nur so lange,<br>wie dies zur Bearbeitung Ihrer Anfrage erforderlich ist und gesetzliche<br>Aufbewahrungspflichten dem nicht entgegenstehen.<\/p>\n\n\n\n<p>Die Verarbeitung der im Rahmen einer Kontaktaufnahme per E-Mail \u00fcbermittelten Daten erfolgt auf Grundlage von Art. 6 Abs. 1 lit. b DSGVO (zur Bearbeitung Ihrer Anfrage) sowie Art. 6 Abs. 1 lit. f DSGVO.<\/p>\n\n\n\n<p><\/p>\n\n\n\n<h2 class=\"wp-block-heading\">4. Eingebundene Inhalte \/ Plugins<\/h2>\n\n\n\n<p>Wir binden keine externen Analyse- oder Social-Media-Plugins ein,<br>die personenbezogene Daten ohne Ihre Interaktion \u00fcbertragen.<\/p>\n\n\n\n<h2 class=\"wp-block-heading\">5. Cookies \/ technisch notwendige Funktionen <\/h2>\n\n\n\n<p>Diese Website verwendet derzeit keine Analyse-, Marketing- oder Tracking-Tools.<\/p>\n\n\n\n<p>Sofern durch WordPress, den Hosting-Anbieter oder technisch notwendige<br>Funktionen der Website Cookies gesetzt werden, erfolgt dies ausschlie\u00dflich,<br>soweit dies f\u00fcr den sicheren und technisch fehlerfreien Betrieb der Website<br>erforderlich ist.<\/p>\n\n\n\n<p>Eine dar\u00fcber hinausgehende Verarbeitung zu Analyse-, Marketing- oder<br>Werbezwecken findet derzeit nicht statt.<\/p>\n\n\n\n<blockquote class=\"wp-block-quote is-layout-flow wp-block-quote-is-layout-flow\">\n<p>Diese Website basiert auf dem Content-Management-System WordPress. Dabei k\u00f6nnen technisch notwendige Daten verarbeitet werden, die f\u00fcr den Betrieb der Website erforderlich sind.<\/p>\n<\/blockquote>\n\n\n\n<p><\/p>\n\n\n\n<h2 class=\"wp-block-heading\">6. Ihre Rechte<\/h2>\n\n\n\n<p>Sie haben jederzeit das Recht auf Auskunft, Berichtigung, L\u00f6schung,<br>Einschr\u00e4nkung der Verarbeitung, Daten\u00fcbertragbarkeit und Widerspruch<br>(Art. 15 \u2013 21 DSGVO). Ein erteiltes Einverst\u00e4ndnis k\u00f6nnen Sie<br>jederzeit mit Wirkung f\u00fcr die Zukunft widerrufen.<\/p>\n\n\n\n<h2 class=\"wp-block-heading\">7. Beschwerderecht<\/h2>\n\n\n\n<p>Unbeschadet anderer Rechtsbehelfe steht Ihnen ein Beschwerderecht<br>bei der zust\u00e4ndigen Aufsichtsbeh\u00f6rde zu:<br>Bayerisches Landesamt f\u00fcr Datenschutzaufsicht (BayLDA),<br>Promenade 27, 91522 Ansbach, Deutschland.<\/p>\n\n\n\n<h2 class=\"wp-block-heading\">8. SSL- bzw. TLS-Verschl\u00fcsselung<\/h2>\n\n\n\n<p>Diese Website nutzt aus Sicherheitsgr\u00fcnden und zum Schutz der \u00dcbertragung vertraulicher Inhalte eine SSL- bzw. TLS-Verschl\u00fcsselung. Eine verschl\u00fcsselte Verbindung erkennen Sie daran, dass die Adresszeile des Browsers von \u201ehttp:\/\/\u201c auf \u201ehttps:\/\/\u201c wechselt.<\/p>\n\n\n\n<p><em>Stand:  M\u00e4rz 202<\/em>6<\/p>\n\n\n\n<p><\/p>\n","protected":false},"excerpt":{"rendered":"<p>1. Verantwortliche Stelle Zarko Bulatovi\u0107Heynestra\u00dfe 42, 90443 N\u00fcrnberg, DeutschlandE-Mail: zarkobulatovic@web.de 2. Hosting Diese Website wird auf Servern des Hosting-Anbieters OVHcloud gehostet: OVH SAS2 rue Kellermann59100 RoubaixFrankreich Beim Aufruf dieser Website werden durch den Hosting-Anbieter automatischtechnische Informationen in sogenannten Server-Logfiles gespeichert(z. B. IP-Adresse, Datum und Uhrzeit des Zugriffs, Browsertyp, Betriebssystemund aufgerufene Seite). Die Verarbeitung erfolgt auf [&hellip;]<\/p>\n","protected":false},"author":1,"featured_media":0,"parent":0,"menu_order":0,"comment_status":"closed","ping_status":"closed","template":"","meta":{"footnotes":""},"class_list":["post-183","page","type-page","status-publish","hentry"],"yoast_head":"<!-- This site is optimized with the Yoast SEO plugin v27.4 - https:\/\/yoast.com\/product\/yoast-seo-wordpress\/ -->\n<title>Datenschutzerkl\u00e4rung - Unalome Reiki Garten<\/title>\n<meta name=\"robots\" content=\"index, follow, max-snippet:-1, max-image-preview:large, max-video-preview:-1\" \/>\n<link rel=\"canonical\" href=\"https:\/\/unalomereikigarten.de\/?page_id=183\" \/>\n<meta property=\"og:locale\" content=\"en_US\" \/>\n<meta property=\"og:type\" content=\"article\" \/>\n<meta property=\"og:title\" content=\"Datenschutzerkl\u00e4rung - Unalome Reiki Garten\" \/>\n<meta property=\"og:description\" content=\"1. Verantwortliche Stelle Zarko Bulatovi\u0107Heynestra\u00dfe 42, 90443 N\u00fcrnberg, DeutschlandE-Mail: zarkobulatovic@web.de 2. Hosting Diese Website wird auf Servern des Hosting-Anbieters OVHcloud gehostet: OVH SAS2 rue Kellermann59100 RoubaixFrankreich Beim Aufruf dieser Website werden durch den Hosting-Anbieter automatischtechnische Informationen in sogenannten Server-Logfiles gespeichert(z. B. IP-Adresse, Datum und Uhrzeit des Zugriffs, Browsertyp, Betriebssystemund aufgerufene Seite). Die Verarbeitung erfolgt auf [&hellip;]\" \/>\n<meta property=\"og:url\" content=\"https:\/\/unalomereikigarten.de\/?page_id=183\" \/>\n<meta property=\"og:site_name\" content=\"Unalome Reiki Garten\" \/>\n<meta property=\"article:modified_time\" content=\"2026-04-12T17:24:05+00:00\" \/>\n<meta name=\"twitter:card\" content=\"summary_large_image\" \/>\n<meta name=\"twitter:label1\" content=\"Est. reading time\" \/>\n\t<meta name=\"twitter:data1\" content=\"2 minutes\" \/>\n<script type=\"application\/ld+json\" class=\"yoast-schema-graph\">{\"@context\":\"https:\\\/\\\/schema.org\",\"@graph\":[{\"@type\":\"WebPage\",\"@id\":\"https:\\\/\\\/unalomereikigarten.de\\\/?page_id=183\",\"url\":\"https:\\\/\\\/unalomereikigarten.de\\\/?page_id=183\",\"name\":\"Datenschutzerkl\u00e4rung - Unalome Reiki Garten\",\"isPartOf\":{\"@id\":\"https:\\\/\\\/unalomereikigarten.de\\\/#website\"},\"datePublished\":\"2025-07-07T18:20:06+00:00\",\"dateModified\":\"2026-04-12T17:24:05+00:00\",\"breadcrumb\":{\"@id\":\"https:\\\/\\\/unalomereikigarten.de\\\/?page_id=183#breadcrumb\"},\"inLanguage\":\"en-US\",\"potentialAction\":[{\"@type\":\"ReadAction\",\"target\":[\"https:\\\/\\\/unalomereikigarten.de\\\/?page_id=183\"]}]},{\"@type\":\"BreadcrumbList\",\"@id\":\"https:\\\/\\\/unalomereikigarten.de\\\/?page_id=183#breadcrumb\",\"itemListElement\":[{\"@type\":\"ListItem\",\"position\":1,\"name\":\"Home\",\"item\":\"https:\\\/\\\/unalomereikigarten.de\\\/\"},{\"@type\":\"ListItem\",\"position\":2,\"name\":\"Datenschutzerkl\u00e4rung\"}]},{\"@type\":\"WebSite\",\"@id\":\"https:\\\/\\\/unalomereikigarten.de\\\/#website\",\"url\":\"https:\\\/\\\/unalomereikigarten.de\\\/\",\"name\":\"Unalome Reiki Garten\",\"description\":\"Reiki-der Weg zu Balance und Vitalit\u00e4t.\",\"publisher\":{\"@id\":\"https:\\\/\\\/unalomereikigarten.de\\\/#\\\/schema\\\/person\\\/aaba9764ffc8b3aefd560503945a3e95\"},\"alternateName\":\"Reiki\",\"potentialAction\":[{\"@type\":\"SearchAction\",\"target\":{\"@type\":\"EntryPoint\",\"urlTemplate\":\"https:\\\/\\\/unalomereikigarten.de\\\/?s={search_term_string}\"},\"query-input\":{\"@type\":\"PropertyValueSpecification\",\"valueRequired\":true,\"valueName\":\"search_term_string\"}}],\"inLanguage\":\"en-US\"},{\"@type\":[\"Person\",\"Organization\"],\"@id\":\"https:\\\/\\\/unalomereikigarten.de\\\/#\\\/schema\\\/person\\\/aaba9764ffc8b3aefd560503945a3e95\",\"name\":\"Eva Reiki\",\"image\":{\"@type\":\"ImageObject\",\"inLanguage\":\"en-US\",\"@id\":\"http:\\\/\\\/unalomereikigarten.de\\\/wp-content\\\/uploads\\\/2025\\\/01\\\/DALL\u00b7E-2025-01-07-21.43.35-An-elegant-and-unique-logo-design-for-a-Reiki-themed-website-named-Unalome-Reiki-Garten.-The-logo-incorporates-the-Unalome-symbol-in-a-graceful-and-.webp\",\"url\":\"http:\\\/\\\/unalomereikigarten.de\\\/wp-content\\\/uploads\\\/2025\\\/01\\\/DALL\u00b7E-2025-01-07-21.43.35-An-elegant-and-unique-logo-design-for-a-Reiki-themed-website-named-Unalome-Reiki-Garten.-The-logo-incorporates-the-Unalome-symbol-in-a-graceful-and-.webp\",\"contentUrl\":\"http:\\\/\\\/unalomereikigarten.de\\\/wp-content\\\/uploads\\\/2025\\\/01\\\/DALL\u00b7E-2025-01-07-21.43.35-An-elegant-and-unique-logo-design-for-a-Reiki-themed-website-named-Unalome-Reiki-Garten.-The-logo-incorporates-the-Unalome-symbol-in-a-graceful-and-.webp\",\"width\":1024,\"height\":1024,\"caption\":\"Eva Reiki\"},\"logo\":{\"@id\":\"http:\\\/\\\/unalomereikigarten.de\\\/wp-content\\\/uploads\\\/2025\\\/01\\\/DALL\u00b7E-2025-01-07-21.43.35-An-elegant-and-unique-logo-design-for-a-Reiki-themed-website-named-Unalome-Reiki-Garten.-The-logo-incorporates-the-Unalome-symbol-in-a-graceful-and-.webp\"},\"sameAs\":[\"https:\\\/\\\/unalomereikigarten.de\\\/\"]}]}<\/script>\n<!-- \/ Yoast SEO plugin. -->","yoast_head_json":{"title":"Datenschutzerkl\u00e4rung - Unalome Reiki Garten","robots":{"index":"index","follow":"follow","max-snippet":"max-snippet:-1","max-image-preview":"max-image-preview:large","max-video-preview":"max-video-preview:-1"},"canonical":"https:\/\/unalomereikigarten.de\/?page_id=183","og_locale":"en_US","og_type":"article","og_title":"Datenschutzerkl\u00e4rung - Unalome Reiki Garten","og_description":"1. Verantwortliche Stelle Zarko Bulatovi\u0107Heynestra\u00dfe 42, 90443 N\u00fcrnberg, DeutschlandE-Mail: zarkobulatovic@web.de 2. Hosting Diese Website wird auf Servern des Hosting-Anbieters OVHcloud gehostet: OVH SAS2 rue Kellermann59100 RoubaixFrankreich Beim Aufruf dieser Website werden durch den Hosting-Anbieter automatischtechnische Informationen in sogenannten Server-Logfiles gespeichert(z. B. IP-Adresse, Datum und Uhrzeit des Zugriffs, Browsertyp, Betriebssystemund aufgerufene Seite). Die Verarbeitung erfolgt auf [&hellip;]","og_url":"https:\/\/unalomereikigarten.de\/?page_id=183","og_site_name":"Unalome Reiki Garten","article_modified_time":"2026-04-12T17:24:05+00:00","twitter_card":"summary_large_image","twitter_misc":{"Est. reading time":"2 minutes"},"schema":{"@context":"https:\/\/schema.org","@graph":[{"@type":"WebPage","@id":"https:\/\/unalomereikigarten.de\/?page_id=183","url":"https:\/\/unalomereikigarten.de\/?page_id=183","name":"Datenschutzerkl\u00e4rung - Unalome Reiki Garten","isPartOf":{"@id":"https:\/\/unalomereikigarten.de\/#website"},"datePublished":"2025-07-07T18:20:06+00:00","dateModified":"2026-04-12T17:24:05+00:00","breadcrumb":{"@id":"https:\/\/unalomereikigarten.de\/?page_id=183#breadcrumb"},"inLanguage":"en-US","potentialAction":[{"@type":"ReadAction","target":["https:\/\/unalomereikigarten.de\/?page_id=183"]}]},{"@type":"BreadcrumbList","@id":"https:\/\/unalomereikigarten.de\/?page_id=183#breadcrumb","itemListElement":[{"@type":"ListItem","position":1,"name":"Home","item":"https:\/\/unalomereikigarten.de\/"},{"@type":"ListItem","position":2,"name":"Datenschutzerkl\u00e4rung"}]},{"@type":"WebSite","@id":"https:\/\/unalomereikigarten.de\/#website","url":"https:\/\/unalomereikigarten.de\/","name":"Unalome Reiki Garten","description":"Reiki-der Weg zu Balance und Vitalit\u00e4t.","publisher":{"@id":"https:\/\/unalomereikigarten.de\/#\/schema\/person\/aaba9764ffc8b3aefd560503945a3e95"},"alternateName":"Reiki","potentialAction":[{"@type":"SearchAction","target":{"@type":"EntryPoint","urlTemplate":"https:\/\/unalomereikigarten.de\/?s={search_term_string}"},"query-input":{"@type":"PropertyValueSpecification","valueRequired":true,"valueName":"search_term_string"}}],"inLanguage":"en-US"},{"@type":["Person","Organization"],"@id":"https:\/\/unalomereikigarten.de\/#\/schema\/person\/aaba9764ffc8b3aefd560503945a3e95","name":"Eva Reiki","image":{"@type":"ImageObject","inLanguage":"en-US","@id":"http:\/\/unalomereikigarten.de\/wp-content\/uploads\/2025\/01\/DALL\u00b7E-2025-01-07-21.43.35-An-elegant-and-unique-logo-design-for-a-Reiki-themed-website-named-Unalome-Reiki-Garten.-The-logo-incorporates-the-Unalome-symbol-in-a-graceful-and-.webp","url":"http:\/\/unalomereikigarten.de\/wp-content\/uploads\/2025\/01\/DALL\u00b7E-2025-01-07-21.43.35-An-elegant-and-unique-logo-design-for-a-Reiki-themed-website-named-Unalome-Reiki-Garten.-The-logo-incorporates-the-Unalome-symbol-in-a-graceful-and-.webp","contentUrl":"http:\/\/unalomereikigarten.de\/wp-content\/uploads\/2025\/01\/DALL\u00b7E-2025-01-07-21.43.35-An-elegant-and-unique-logo-design-for-a-Reiki-themed-website-named-Unalome-Reiki-Garten.-The-logo-incorporates-the-Unalome-symbol-in-a-graceful-and-.webp","width":1024,"height":1024,"caption":"Eva Reiki"},"logo":{"@id":"http:\/\/unalomereikigarten.de\/wp-content\/uploads\/2025\/01\/DALL\u00b7E-2025-01-07-21.43.35-An-elegant-and-unique-logo-design-for-a-Reiki-themed-website-named-Unalome-Reiki-Garten.-The-logo-incorporates-the-Unalome-symbol-in-a-graceful-and-.webp"},"sameAs":["https:\/\/unalomereikigarten.de\/"]}]}},"_links":{"self":[{"href":"https:\/\/unalomereikigarten.de\/index.php?rest_route=\/wp\/v2\/pages\/183","targetHints":{"allow":["GET"]}}],"collection":[{"href":"https:\/\/unalomereikigarten.de\/index.php?rest_route=\/wp\/v2\/pages"}],"about":[{"href":"https:\/\/unalomereikigarten.de\/index.php?rest_route=\/wp\/v2\/types\/page"}],"author":[{"embeddable":true,"href":"https:\/\/unalomereikigarten.de\/index.php?rest_route=\/wp\/v2\/users\/1"}],"replies":[{"embeddable":true,"href":"https:\/\/unalomereikigarten.de\/index.php?rest_route=%2Fwp%2Fv2%2Fcomments&post=183"}],"version-history":[{"count":13,"href":"https:\/\/unalomereikigarten.de\/index.php?rest_route=\/wp\/v2\/pages\/183\/revisions"}],"predecessor-version":[{"id":236,"href":"https:\/\/unalomereikigarten.de\/index.php?rest_route=\/wp\/v2\/pages\/183\/revisions\/236"}],"wp:attachment":[{"href":"https:\/\/unalomereikigarten.de\/index.php?rest_route=%2Fwp%2Fv2%2Fmedia&parent=183"}],"curies":[{"name":"wp","href":"https:\/\/api.w.org\/{rel}","templated":true}]}}